{"id":2509,"date":"2016-11-09T21:33:12","date_gmt":"2016-11-09T20:33:12","guid":{"rendered":"http:\/\/ed-mb.si\/?page_id=2509"},"modified":"2023-04-03T07:59:18","modified_gmt":"2023-04-03T06:59:18","slug":"porocilo-37-kotnikovi-dnevi","status":"publish","type":"page","link":"http:\/\/ed-mb.si\/?page_id=2509","title":{"rendered":"Poro\u010dilo 37. Kotnikovi dnevi"},"content":{"rendered":"<p style=\"text-align: center;\" align=\"center\"><b>Poro\u010dilo o 37. posvetovanju o mo\u010dnostni elektrotehniki in sodobnih<a href=\"http:\/\/ed-mb.si\/wp-content\/uploads\/2015\/10\/kd-16-1.jpg\"><img decoding=\"async\" loading=\"lazy\" class=\"aligncenter  wp-image-2003\" alt=\"kd-16-1\" src=\"http:\/\/ed-mb.si\/wp-content\/uploads\/2015\/10\/kd-16-1.jpg\" width=\"407\" height=\"284\"><\/a><br \/>\n<\/b><b>elektri\u010dnih in\u0161talacijah KOTNIKOVI DNEVI<\/b><\/p>\n<p align=\"center\"><b>&nbsp;<\/b>Posvetovanje je pripravilo Elektrotehni\u0161ko dru\u0161tvo Maribor.<\/p>\n<p>Posvetovanje je bilo 24. in 25. 03. 2016 v Radencih, udele\u017eilo se ga je 100 strokovnjakov elektrotehni\u0161ke stroke. Svojo dejavnost je predstavilo 14 proizvajalcev in zastopnikov.<\/p>\n<p>Kot novost smo obravnavali elektromobilnost skozi predstavitev potrebnih standardov in dobre prakse v drugih dr\u017eavah in predstavitev realizacije&nbsp; pilotnega projekta polnilnih postaj na AC kri\u017eu v R Sloveniji. Obravnavali smo prenove terminolo\u0161kih standardov s podro\u010dja elektrotehnike. Seznanili smo se tudi s prakti\u010dnimi izku\u0161njami &nbsp;vplivov obratovanja in vzdr\u017eevanja SE &nbsp;skozi 10 letno \u017eivljenjsko dobo.<br \/>\nPredstavljene so bile podrobnosti in novosti v objavljenem Pravilniku o vzdr\u017eevanju elektroenergetskih postrojih in Pravilniku o za\u0161\u010diti&nbsp; nizkonapetostnih omre\u017eij in pripadajo\u010dih transformatorskih postaj.<\/p>\n<p>Izdan je bil zbornik referatov s katalo\u0161kim zapisom o publikaciji Univerzitetne knji\u017enice Maribor 621.3(082)(086.034.4), ISBN 978-961-93635-2-2, COBISS. SI-ID 86116865.<\/p>\n<p><b>Elektrotehni\u0161ki zvezi Slovenije, kot predstavnici civilne dru\u017ebe elektrotehni\u0161ke stroke, predlagamo:<\/b><\/p>\n<ol>\n<li>EZS naj nadaljuje z aktivnostmi in delom na elektrotehni\u010dnem slovarju po posameznih podro\u010djih in jih &nbsp;naj objavi na svoji spletni strani, saj je zelo pomembna enopomenskost izrazov.&nbsp;V slovar naj vklju\u010duje tudi izraze iz podro\u010dja elektromobilnosti, ki je v razvoju in bo v pomo\u010d projektantom polnilnih postaj.&nbsp;Slovar ni pomemben samo za prevode standardov, potreben je tudi pri vsakdanjem delu, izobra\u017eevanju (\u0161olstvu) in komuniciranju med strokovnjaki.<\/li>\n<li>EZS dajemo pobudo, da se vklju\u010di v delo in javno razpravo o dopolnitvah in spremembah Pravilnika o varstvu pri delu pred nevarnostjo elektri\u010dnega toka (Ur. L. RS 29\/1992), z namenom uskladitve vsebin s podro\u010dja varstva pri delu ob obnovi Pravilnika o obratovanju elektroenergetskih objektov.<\/li>\n<\/ol>\n<p>Maribor, 31.3.2016&nbsp;&nbsp;&nbsp;&nbsp;&nbsp;&nbsp;&nbsp;&nbsp;&nbsp;&nbsp;&nbsp;&nbsp;&nbsp;&nbsp;&nbsp;&nbsp;&nbsp;&nbsp;&nbsp;&nbsp;&nbsp;&nbsp;&nbsp;&nbsp;&nbsp;&nbsp;&nbsp;&nbsp;&nbsp;&nbsp;&nbsp;&nbsp;&nbsp;&nbsp;&nbsp;&nbsp;&nbsp;&nbsp;&nbsp;&nbsp;&nbsp;&nbsp;&nbsp;&nbsp; &nbsp;&nbsp;&nbsp;&nbsp;&nbsp;&nbsp;&nbsp;&nbsp;&nbsp;&nbsp;&nbsp;&nbsp;&nbsp;&nbsp;&nbsp;&nbsp;&nbsp;&nbsp;&nbsp;&nbsp;&nbsp;&nbsp;&nbsp;&nbsp;&nbsp;&nbsp;Komisija za pripravo posvetovanja<\/p>\n<p>&nbsp;<\/p>\n<p><a title=\"Kotnikovi dnevi 2014\" href=\"http:\/\/ed-mb.si\/?page_id=27\"><em><strong>Utrinki iz posvetovanja 2016<\/strong><\/em><\/a>&nbsp;&nbsp;(<em>foto: Gero Angleitner)<br \/>\n<!-- MetaSlider 2335 not found --><\/em><\/p>\n","protected":false},"excerpt":{"rendered":"<p>Poro\u010dilo o 37. posvetovanju o mo\u010dnostni elektrotehniki in sodobnih elektri\u010dnih in\u0161talacijah KOTNIKOVI DNEVI &nbsp;Posvetovanje je pripravilo Elektrotehni\u0161ko dru\u0161tvo Maribor. Posvetovanje je bilo 24. in 25. 03. 2016 v Radencih, udele\u017eilo se ga je 100 strokovnjakov elektrotehni\u0161ke stroke. Svojo dejavnost je predstavilo 14 proizvajalcev in zastopnikov. Kot novost smo obravnavali elektromobilnost skozi predstavitev potrebnih standardov in [&hellip;]<\/p>\n","protected":false},"author":1,"featured_media":0,"parent":0,"menu_order":0,"comment_status":"closed","ping_status":"closed","template":"","meta":{"_monsterinsights_skip_tracking":false,"_monsterinsights_sitenote_active":false,"_monsterinsights_sitenote_note":"","_monsterinsights_sitenote_category":0,"ngg_post_thumbnail":0,"footnotes":""},"_links":{"self":[{"href":"http:\/\/ed-mb.si\/index.php?rest_route=\/wp\/v2\/pages\/2509"}],"collection":[{"href":"http:\/\/ed-mb.si\/index.php?rest_route=\/wp\/v2\/pages"}],"about":[{"href":"http:\/\/ed-mb.si\/index.php?rest_route=\/wp\/v2\/types\/page"}],"author":[{"embeddable":true,"href":"http:\/\/ed-mb.si\/index.php?rest_route=\/wp\/v2\/users\/1"}],"replies":[{"embeddable":true,"href":"http:\/\/ed-mb.si\/index.php?rest_route=%2Fwp%2Fv2%2Fcomments&post=2509"}],"version-history":[{"count":2,"href":"http:\/\/ed-mb.si\/index.php?rest_route=\/wp\/v2\/pages\/2509\/revisions"}],"predecessor-version":[{"id":4565,"href":"http:\/\/ed-mb.si\/index.php?rest_route=\/wp\/v2\/pages\/2509\/revisions\/4565"}],"wp:attachment":[{"href":"http:\/\/ed-mb.si\/index.php?rest_route=%2Fwp%2Fv2%2Fmedia&parent=2509"}],"curies":[{"name":"wp","href":"https:\/\/api.w.org\/{rel}","templated":true}]}}