{"id":5072,"date":"2024-04-16T09:32:06","date_gmt":"2024-04-16T08:32:06","guid":{"rendered":"http:\/\/ed-mb.si\/?page_id=5072"},"modified":"2024-12-10T10:15:11","modified_gmt":"2024-12-10T09:15:11","slug":"ekskurzije-2024","status":"publish","type":"page","link":"https:\/\/ed-mb.si\/?page_id=5072","title":{"rendered":"Ekskurzije 2024"},"content":{"rendered":"\n<p class=\"has-black-color has-light-green-cyan-background-color has-text-color has-background has-medium-font-size\"><strong>Izlet v Ljubljano<\/strong><\/p>\n\n\n\n<p><strong>Ljubljana je politi\u010dno, znanstveno in kulturno sredi\u0161\u010de slovenskega naroda ter z nekaj ve\u010d kot 288.000 prebivalci hkrati najve\u010dje mesto v Sloveniji in njen najpomembnej\u0161i gospodarski center.<\/strong> Je majhen dragulj na\u0161e dr\u017eave in postaja vse bolj priljubljen v svetu zaradi svojih \u010dudovitih znamenitosti in slikovitosti mestnega jedra.<\/p>\n\n\n\n<p>Na\u0161a prva postojanka je bil <strong>\u017delezni\u0161ki muzej<\/strong> v Ljubljani. V zbirki je&nbsp;<strong><a href=\"https:\/\/www.zelezniskimuzej.si\/collection\/vagoni-in-lokomotive\/\">\u0161estdeset zgodovinskih lokomotiv in ve\u010d kot 50 drugih vozil<\/a><\/strong>. Zraven na\u0161tetega je v depojih muzeja shranjenih \u0161e okoli <strong>pet tiso\u010d \u017eelezni\u0161kih artefaktov<\/strong>. Pou\u010deni o zgodovini \u017eelezni\u010darstva smo nadaljevali z vodenim ogledom mestnega jedra Ljubljane in njenih znamenitosti. Zapeljali smo se <strong>s vzpenja\u010do na najlep\u0161i razgled mesta<\/strong>, ki ga ponuja grajska plo\u0161\u010dad <strong>Ljubljanskega gradu<\/strong>. Po spustu je sledil ogled \u0161e<strong> z druga\u010dne, romanti\u010dne perspektive<\/strong>. Privo\u0161\u010dili smo si  <strong>o\u010darljivo vo\u017enjo z ladjico <\/strong>po Ljubljanici, ki nas pripelje vse do pristana <strong>kultne restavracije Livada<\/strong>, kjer smo imeli  kosilo. Po kosilu smo si privo\u0161\u010dili kratek sprehod do <strong>Botani\u010dnega vrta Ljubljana<\/strong>. Ogledali smo  si \u010dudovit vrt z skalnjaki, bajer z vodnimi rastlinami, sredozemskimi rastlinami, cvetlicami, arboretum in krasni tropski rastlinjak.<\/p>\n\n\n\n<div class=\"alignnormal\"><div id=\"metaslider-id-5058\" style=\"max-width: 600px; margin: 0 auto;\" class=\"ml-slider-3-93-0 metaslider metaslider-nivo metaslider-5058 ml-slider ms-theme-nivo-bar has-dots-nav\" role=\"region\" aria-roledescription=\"Slideshow\" aria-label=\"Izlet v Ljubljano\">\n    <div id=\"metaslider_container_5058\">\n        <div class='slider-wrapper theme-default'><div class='ribbon'><\/div><div id='metaslider_5058' class='nivoSlider'><img src=\"https:\/\/ed-mb.si\/wp-content\/uploads\/ljubljana-10-scaled-600x400.jpg\" height=\"400\" width=\"600\" title=\"ljubljana-10\" alt=\"\" class=\"slider-5058 slide-5065\" \/><img src=\"https:\/\/ed-mb.si\/wp-content\/uploads\/ljubljana-11-scaled-600x400.jpg\" height=\"400\" width=\"600\" title=\"ljubljana-11\" alt=\"\" class=\"slider-5058 slide-5064\" \/><img src=\"https:\/\/ed-mb.si\/wp-content\/uploads\/ljubljana-15-scaled-600x400.jpg\" height=\"400\" width=\"600\" title=\"ljubljana-15\" alt=\"\" class=\"slider-5058 slide-5061\" \/><img src=\"https:\/\/ed-mb.si\/wp-content\/uploads\/ljubljana-05-scaled-600x400.jpg\" height=\"400\" width=\"600\" title=\"ljubljana-05\" alt=\"\" class=\"slider-5058 slide-5069\" \/><img src=\"https:\/\/ed-mb.si\/wp-content\/uploads\/ljubljana-13-scaled-600x400.jpg\" height=\"400\" width=\"600\" title=\"ljubljana-13\" alt=\"\" class=\"slider-5058 slide-5062\" \/><img src=\"https:\/\/ed-mb.si\/wp-content\/uploads\/ljubljana-04-scaled-600x400.jpg\" height=\"400\" width=\"600\" title=\"ljubljana-04\" alt=\"\" class=\"slider-5058 slide-5070\" \/><img src=\"https:\/\/ed-mb.si\/wp-content\/uploads\/ljubljana-01-scaled-600x400.jpg\" height=\"400\" width=\"600\" title=\"ljubljana-01\" alt=\"\" class=\"slider-5058 slide-5059\" \/><img src=\"https:\/\/ed-mb.si\/wp-content\/uploads\/ljubljana-08-scaled-600x400.jpg\" height=\"400\" width=\"600\" title=\"ljubljana-08\" alt=\"\" class=\"slider-5058 slide-5067\" \/><img src=\"https:\/\/ed-mb.si\/wp-content\/uploads\/ljubljana-12-scaled-600x400.jpg\" height=\"400\" width=\"600\" title=\"ljubljana-12\" alt=\"\" class=\"slider-5058 slide-5063\" \/><img src=\"https:\/\/ed-mb.si\/wp-content\/uploads\/ljubljana-06-scaled-600x400.jpg\" height=\"400\" width=\"600\" title=\"ljubljana-06\" alt=\"\" class=\"slider-5058 slide-5068\" \/><img src=\"https:\/\/ed-mb.si\/wp-content\/uploads\/ljubljana-09-600x400.jpg\" height=\"400\" width=\"600\" title=\"ljubljana-09\" alt=\"\" class=\"slider-5058 slide-5066\" \/><img src=\"https:\/\/ed-mb.si\/wp-content\/uploads\/ljubljana-02-scaled-600x400.jpg\" height=\"400\" width=\"600\" title=\"ljubljana-02\" alt=\"\" class=\"slider-5058 slide-5060\" \/><\/div><\/div>\n        \n    <\/div>\n<\/div><\/div>\n\n\n\n<p class=\"has-text-align-center\">foto: Gero Angleitner<\/p>\n\n\n\n<h2 class=\"wp-block-heading has-very-light-gray-to-cyan-bluish-gray-gradient-background has-background\">Izlet Rogla<\/h2>\n\n\n\n<div class=\"alignnormal\"><div id=\"metaslider-id-5114\" style=\"width: 100%;\" class=\"ml-slider-3-93-0 metaslider metaslider-flex metaslider-5114 ml-slider ms-theme-default-base has-dots-nav has-dots-nav\" role=\"region\" aria-roledescription=\"Slideshow\" aria-label=\"Rogla 2024\">\n    <div id=\"metaslider_container_5114\">\n        <div id=\"metaslider_5114\">\n            <ul class='slides'>\n                <li style=\"display: block; width: 100%;\" class=\"slide-5115 ms-image \" aria-roledescription=\"slide\" aria-label=\"slide-5115\"><img src=\"https:\/\/ed-mb.si\/wp-content\/uploads\/12-kovacija-12-scaled-600x400.jpg\" height=\"400\" width=\"600\" alt=\"\" class=\"slider-5114 slide-5115\" title=\"12-kova\u010dija-12\" \/><\/li>\n                <li style=\"display: none; width: 100%;\" class=\"slide-5116 ms-image \" aria-roledescription=\"slide\" aria-label=\"slide-5116\"><img src=\"https:\/\/ed-mb.si\/wp-content\/uploads\/11-kovacija-11-scaled-600x400.jpg\" height=\"400\" width=\"600\" alt=\"\" class=\"slider-5114 slide-5116\" title=\"11-kova\u010dija-11\" \/><\/li>\n                <li style=\"display: none; width: 100%;\" class=\"slide-5117 ms-image \" aria-roledescription=\"slide\" aria-label=\"slide-5117\"><img src=\"https:\/\/ed-mb.si\/wp-content\/uploads\/10-kovacija-10-scaled-600x400.jpg\" height=\"400\" width=\"600\" alt=\"\" class=\"slider-5114 slide-5117\" title=\"10-kova\u010dija-10\" \/><\/li>\n                <li style=\"display: none; width: 100%;\" class=\"slide-5118 ms-image \" aria-roledescription=\"slide\" aria-label=\"slide-5118\"><img src=\"https:\/\/ed-mb.si\/wp-content\/uploads\/09-kartuzija-9-scaled-600x400.jpg\" height=\"400\" width=\"600\" alt=\"\" class=\"slider-5114 slide-5118\" title=\"09-kartuzija-9\" \/><\/li>\n                <li style=\"display: none; width: 100%;\" class=\"slide-5119 ms-image \" aria-roledescription=\"slide\" aria-label=\"slide-5119\"><img src=\"https:\/\/ed-mb.si\/wp-content\/uploads\/08-kartuzija-8-scaled-600x400.jpg\" height=\"400\" width=\"600\" alt=\"\" class=\"slider-5114 slide-5119\" title=\"08-kartuzija-8\" \/><\/li>\n                <li style=\"display: none; width: 100%;\" class=\"slide-5120 ms-image \" aria-roledescription=\"slide\" aria-label=\"slide-5120\"><img src=\"https:\/\/ed-mb.si\/wp-content\/uploads\/07-kartuzija-7-scaled-600x400.jpg\" height=\"400\" width=\"600\" alt=\"\" class=\"slider-5114 slide-5120\" title=\"07-kartuzija-7\" \/><\/li>\n                <li style=\"display: none; width: 100%;\" class=\"slide-5121 ms-image \" aria-roledescription=\"slide\" aria-label=\"slide-5121\"><img src=\"https:\/\/ed-mb.si\/wp-content\/uploads\/06-kartuzija-6-scaled-600x400.jpg\" height=\"400\" width=\"600\" alt=\"\" class=\"slider-5114 slide-5121\" title=\"06-kartuzija-6\" \/><\/li>\n                <li style=\"display: none; width: 100%;\" class=\"slide-5122 ms-image \" aria-roledescription=\"slide\" aria-label=\"slide-5122\"><img src=\"https:\/\/ed-mb.si\/wp-content\/uploads\/05-kartuzija-5-scaled-600x400.jpg\" height=\"400\" width=\"600\" alt=\"\" class=\"slider-5114 slide-5122\" title=\"05-kartuzija-5\" \/><\/li>\n                <li style=\"display: none; width: 100%;\" class=\"slide-5123 ms-image \" aria-roledescription=\"slide\" aria-label=\"slide-5123\"><img src=\"https:\/\/ed-mb.si\/wp-content\/uploads\/04-rogla-4-scaled-600x400.jpg\" height=\"400\" width=\"600\" alt=\"\" class=\"slider-5114 slide-5123\" title=\"04-rogla-4\" \/><\/li>\n                <li style=\"display: none; width: 100%;\" class=\"slide-5124 ms-image \" aria-roledescription=\"slide\" aria-label=\"slide-5124\"><img src=\"https:\/\/ed-mb.si\/wp-content\/uploads\/03-rogla-3-scaled-600x400.jpg\" height=\"400\" width=\"600\" alt=\"\" class=\"slider-5114 slide-5124\" title=\"03-rogla-3\" \/><\/li>\n                <li style=\"display: none; width: 100%;\" class=\"slide-5125 ms-image \" aria-roledescription=\"slide\" aria-label=\"slide-5125\"><img src=\"https:\/\/ed-mb.si\/wp-content\/uploads\/02-rogla-2-scaled-600x400.jpg\" height=\"400\" width=\"600\" alt=\"\" class=\"slider-5114 slide-5125\" title=\"02-rogla-2\" \/><\/li>\n                <li style=\"display: none; width: 100%;\" class=\"slide-5126 ms-image \" aria-roledescription=\"slide\" aria-label=\"slide-5126\"><img src=\"https:\/\/ed-mb.si\/wp-content\/uploads\/01-rogla-1-scaled-600x400.jpg\" height=\"400\" width=\"600\" alt=\"\" class=\"slider-5114 slide-5126\" title=\"01-rogla-1\" \/><\/li>\n            <\/ul>\n        <\/div>\n        \n    <\/div>\n<\/div><\/div>\n\n\n\n<p><strong>1. junij 2024<\/strong> <strong><u>MARIBOR \u2013 ROGLA (POT MED KRO\u0160NJAMI) \u2013 O\u0160LAKOVA KOVA\u010cIJA \u2013 \u017dI\u010cKA KARTUZIJA \u2013 MARIBOR.<\/u><\/strong> Vo\u017enja proti Rogli. Sprehodili smo se po Poti med kro\u0161njami, ki se <strong>vije 20 metrov visoko<\/strong> po \u010dudovito urejeni in varni poti. Sprehod naravnost izmed vrhov pohorskih smrek ponuja <strong>\u010dudovito panoramo v dolino<\/strong>, v jasnem vremenu celo do slovenskih Alp in preko meja Slovenije.  Nato smo z avtobusom nadaljevali do <strong>O\u0161lakove kova\u010dije<\/strong>, ki velja za <strong>edini ohranjen primerek stare kova\u0161ke obrti<\/strong> na Zre\u0161kem iz leta 1770 in je razgla\u0161ena za <strong>kulturni spomenik<\/strong>. Ogled kova\u010dije nas je popeljal v \u010dase, ko so mo\u017eati kova\u010di orali ledino obrti na Pohorju. Izlet smo nadaljevali do <strong>\u017di\u010dke kartuzije<\/strong>, ki je bila neko\u010d samostan Kartuzijanskega reda, danes pa je <strong>zgodovinsko pomembna krajevna znamenitost<\/strong> v Sloveniji. Postregli so nam \u0161e z <strong>degustacijo razli\u010dnih vrst doma\u010dega kruha, zeli\u0161\u010dnih namazov ter zeli\u0161\u010dnih napitkov<\/strong>. Na poti proti Mariboru, pa  \u0161e pozno kosilu v gostilni Zupanc.<\/p>\n\n\n\n<p class=\"has-text-align-center\">foto: Gero Angleitner<\/p>\n\n\n\n<h2 class=\"wp-block-heading has-electric-grass-gradient-background has-background\">Izlet Roga\u0161ka<\/h2>\n\n\n\n<div class=\"alignnormal\"><div id=\"metaslider-id-5130\" style=\"width: 100%;\" class=\"ml-slider-3-93-0 metaslider metaslider-flex metaslider-5130 ml-slider ms-theme-default-base has-dots-nav has-dots-nav\" role=\"region\" aria-roledescription=\"Slideshow\" aria-label=\"Roga\u0161ka\">\n    <div id=\"metaslider_container_5130\">\n        <div id=\"metaslider_5130\">\n            <ul class='slides'>\n                <li style=\"display: block; width: 100%;\" class=\"slide-5131 ms-image \" aria-roledescription=\"slide\" aria-label=\"slide-5131\"><img src=\"https:\/\/ed-mb.si\/wp-content\/uploads\/rogaska-1-scaled-600x400.jpg\" height=\"400\" width=\"600\" alt=\"\" class=\"slider-5130 slide-5131\" title=\"roga\u0161ka-1\" \/><\/li>\n                <li style=\"display: none; width: 100%;\" class=\"slide-5132 ms-image \" aria-roledescription=\"slide\" aria-label=\"slide-5132\"><img src=\"https:\/\/ed-mb.si\/wp-content\/uploads\/rogaska-3-scaled-600x400.jpg\" height=\"400\" width=\"600\" alt=\"\" class=\"slider-5130 slide-5132\" title=\"roga\u0161ka-3\" \/><\/li>\n                <li style=\"display: none; width: 100%;\" class=\"slide-5133 ms-image \" aria-roledescription=\"slide\" aria-label=\"slide-5133\"><img src=\"https:\/\/ed-mb.si\/wp-content\/uploads\/rogaska-4-scaled-600x400.jpg\" height=\"400\" width=\"600\" alt=\"\" class=\"slider-5130 slide-5133\" title=\"roga\u0161ka-4\" \/><\/li>\n                <li style=\"display: none; width: 100%;\" class=\"slide-5134 ms-image \" aria-roledescription=\"slide\" aria-label=\"slide-5134\"><img src=\"https:\/\/ed-mb.si\/wp-content\/uploads\/rogaska-5-scaled-600x400.jpg\" height=\"400\" width=\"600\" alt=\"\" class=\"slider-5130 slide-5134\" title=\"roga\u0161ka-5\" \/><\/li>\n                <li style=\"display: none; width: 100%;\" class=\"slide-5135 ms-image \" aria-roledescription=\"slide\" aria-label=\"slide-5135\"><img src=\"https:\/\/ed-mb.si\/wp-content\/uploads\/rogaska-6-scaled-600x400.jpg\" height=\"400\" width=\"600\" alt=\"\" class=\"slider-5130 slide-5135\" title=\"roga\u0161ka-6\" \/><\/li>\n                <li style=\"display: none; width: 100%;\" class=\"slide-5136 ms-image \" aria-roledescription=\"slide\" aria-label=\"slide-5136\"><img src=\"https:\/\/ed-mb.si\/wp-content\/uploads\/rogaska-7-scaled-600x400.jpg\" height=\"400\" width=\"600\" alt=\"\" class=\"slider-5130 slide-5136\" title=\"roga\u0161ka-7\" \/><\/li>\n                <li style=\"display: none; width: 100%;\" class=\"slide-5137 ms-image \" aria-roledescription=\"slide\" aria-label=\"slide-5137\"><img src=\"https:\/\/ed-mb.si\/wp-content\/uploads\/rogaska-8-scaled-600x400.jpg\" height=\"400\" width=\"600\" alt=\"\" class=\"slider-5130 slide-5137\" title=\"roga\u0161ka-8\" \/><\/li>\n            <\/ul>\n        <\/div>\n        \n    <\/div>\n<\/div><\/div>\n\n\n\n<p class=\"has-text-align-center\">foto: Gero Angleitner<\/p>\n\n\n\n<p>26.10. 2024 &#8211; MARIBOR &#8211; ROGA\u0160KA SLATINA \u2013 ROGATEC &#8211; MARIBOR. Odhod proti Roga\u0161ki Slatini, kjer nas je \u010dakal sprehod po Zdravili\u0161kem parku ter vrnitev v \u010das 15. stoletja, ko je Ban Peter Zrinski odkril zdravilno mineralno vodo Donat. Po sprehodu smo obiskali najvi\u0161jo stavbo v Sloveniji \u2013 novo odprtega stolpa Kristal, s katerega se z vi\u0161ine 104 metrov ponunajo prekrasni razgledi na okolico. Sledila je degustacija vina ob novozgrajeni vinski fontani v dru\u017ebi pravega sommelierja, ki nas bo popeljal \u010dez okusne vzorce vin, ki jih pridelujejo na obmo\u010dju Roga\u0161ke Slatine in Rogatca. Zraven sonam postregli tudi prigrizek. Odhod do posestva Pomona, ki je pravlji\u010dni koti\u010dek na pode\u017eelju zdravili\u0161ke Roga\u0161ke Slatine. Tukaj je rimska boginja Pomona pustila svoj blagoslov in poskrbela, da sadovnjaki bogato obrodijo. Na posestvu so nam postregli odli\u010dno doma\u010de kosilo sestavljeno zgolj iz lokalnih sestavin, ki jih v ve\u010dini pridelujejo sami. Prijetno okrep\u010dani se odpravimo proti muzeju na prostem Strmol\/Rogatec, kjer nam med ogledom muzeja kova\u010di prika\u017eejo svojo mojstrstvo. Gospodar nam postre\u017ee tudi z lokalno pridelanimi bio zeli\u0161\u010dnimi in sladkimi likerji. Po kon\u010danih aktivnostih smo se prijetno utrujeni in podkrepljeni z novimi znanji, vrnemo domov.<\/p>\n\n\n\n<p class=\"has-text-align-center\"><\/p>\n","protected":false},"excerpt":{"rendered":"<p>Izlet v Ljubljano Ljubljana je politi\u010dno, znanstveno in kulturno sredi\u0161\u010de slovenskega naroda ter z nekaj ve\u010d kot 288.000 prebivalci hkrati najve\u010dje mesto v Sloveniji in njen najpomembnej\u0161i gospodarski center. Je majhen dragulj na\u0161e dr\u017eave in postaja vse bolj priljubljen v svetu zaradi svojih \u010dudovitih znamenitosti in slikovitosti mestnega jedra. Na\u0161a prva postojanka je bil \u017delezni\u0161ki [&hellip;]<\/p>\n","protected":false},"author":1,"featured_media":0,"parent":0,"menu_order":0,"comment_status":"closed","ping_status":"closed","template":"","meta":{"_monsterinsights_skip_tracking":false,"_monsterinsights_sitenote_active":false,"_monsterinsights_sitenote_note":"","_monsterinsights_sitenote_category":0,"ngg_post_thumbnail":0,"footnotes":""},"_links":{"self":[{"href":"https:\/\/ed-mb.si\/index.php?rest_route=\/wp\/v2\/pages\/5072"}],"collection":[{"href":"https:\/\/ed-mb.si\/index.php?rest_route=\/wp\/v2\/pages"}],"about":[{"href":"https:\/\/ed-mb.si\/index.php?rest_route=\/wp\/v2\/types\/page"}],"author":[{"embeddable":true,"href":"https:\/\/ed-mb.si\/index.php?rest_route=\/wp\/v2\/users\/1"}],"replies":[{"embeddable":true,"href":"https:\/\/ed-mb.si\/index.php?rest_route=%2Fwp%2Fv2%2Fcomments&post=5072"}],"version-history":[{"count":11,"href":"https:\/\/ed-mb.si\/index.php?rest_route=\/wp\/v2\/pages\/5072\/revisions"}],"predecessor-version":[{"id":5172,"href":"https:\/\/ed-mb.si\/index.php?rest_route=\/wp\/v2\/pages\/5072\/revisions\/5172"}],"wp:attachment":[{"href":"https:\/\/ed-mb.si\/index.php?rest_route=%2Fwp%2Fv2%2Fmedia&parent=5072"}],"curies":[{"name":"wp","href":"https:\/\/api.w.org\/{rel}","templated":true}]}}