{"id":9,"date":"2014-01-07T18:17:26","date_gmt":"2014-01-07T17:17:26","guid":{"rendered":"http:\/\/ed-mb.si\/?page_id=9"},"modified":"2026-04-08T07:30:16","modified_gmt":"2026-04-08T06:30:16","slug":"predstavitev","status":"publish","type":"page","link":"https:\/\/ed-mb.si\/?page_id=9","title":{"rendered":"Predstavitev"},"content":{"rendered":"<p><img decoding=\"async\" loading=\"lazy\" class=\"aligncenter size-full wp-image-495\" src=\"http:\/\/ed-mb.si\/wp-content\/uploads\/2014\/01\/panorama-2a.jpg\" alt=\"panorama-2a\" width=\"1110\" height=\"185\" srcset=\"https:\/\/ed-mb.si\/wp-content\/uploads\/2014\/01\/panorama-2a.jpg 1110w, https:\/\/ed-mb.si\/wp-content\/uploads\/2014\/01\/panorama-2a-300x50.jpg 300w, https:\/\/ed-mb.si\/wp-content\/uploads\/2014\/01\/panorama-2a-800x133.jpg 800w\" sizes=\"(max-width: 1110px) 100vw, 1110px\" \/><br \/>\n<span style=\"color: #000080;\">Predsednik: mag. Gerhard ANGLEITNER<img decoding=\"async\" loading=\"lazy\" class=\"alignright  wp-image-327\" title=\"znak ed\" src=\"http:\/\/ed-mb.si\/wp-content\/uploads\/2014\/01\/znak-ed-192x300.jpg\" alt=\"\" width=\"80\" height=\"120\"><\/span><br \/>\n<span style=\"color: #000080;\"> Podpredsednik: mag. Marjan ZORMAN<\/span><br \/>\n<span style=\"color: #000080;\"> Podpredsednik: Franjo LAVREN\u010cI\u010c<\/span><br \/>\n<span style=\"color: #000080;\"> Tajnik: Silva LAN\u010cI\u010c<\/span><br \/>\n<span style=\"color: #000080;\">Knjigovodstvo: Cvetka ROGINA<\/span><br \/>\n<span style=\"color: #000080;\"> Posvetovanja: mag. Marjan ZORMAN<\/span><\/p>\n<p style=\"text-align: justify;\"><span style=\"color: #000000;\">Elektrotehni\u0161ko dru\u0161tvo Maribor je po stroki povezano z Elektrotehni\u0161ko zvezo Slovenije (EZS) s sede\u017eem v Ljubljani, prek Zveze in\u017eenirskih dru\u0161tev Maribor (ZID) pa z drugimi dru\u0161tvi tehni\u0161ke stroke v Mariboru. Naloge in dejavnosti Elektrotehni\u0161kega dru\u0161tva Maribor so zapisane v pravilih in so naslednje:<\/span><\/p>\n<ul style=\"text-align: justify;\">\n<li><span style=\"color: #000000;\">prispevati k napredku elektrotehni\u0161ke znanosti in razvoja elektrotehnike,<\/span><\/li>\n<li><span style=\"color: #000000;\">prispevati, razvijati in gojiti stanovsko zavest \u010dlanov ED, obnovitev znanja, strokovno usposabljanje, ustvarjalnost, to\u010dnost, prijateljstvo, dru\u017eabnost pri svojih \u010dlanih,<\/span><\/li>\n<li><span style=\"color: #000000;\">pomagati gospodarskim organizacijam in institucijam s predlogi, strokovnimi nasveti in tehni\u0161kimi elaborati ter \u0161tudijami, pri izvajanju gospodarskih nalog in re\u0161evanju strokovnih problemov,<\/span><\/li>\n<li><span style=\"color: #000000;\">dvigati pri svojih \u010dlanih strokovno raven in zavest,<\/span><\/li>\n<li><span style=\"color: #000000;\">gojiti stike in sodelovanje med \u010dlani (ED) in drugimi strokovnimi dru\u0161tvi doma in v tujini,<\/span><\/li>\n<li><span style=\"color: #000000;\">zastopati moralne in materialne interese \u010dlanov,<\/span><\/li>\n<li><span style=\"color: #000000;\">mobilizirati z organiziranim delom svoje \u010dlanstvo za dosego postavljenih ciljev in koordinirati delo posameznih organizacijskih enot elektrotehni\u0161ke stroke,<\/span><\/li>\n<li><span style=\"color: #000000;\">nuditi vsem svojim \u010dlanom podporo in pomo\u010d pri uveljavljanju strokovno in znanstveno utemeljenih stali\u0161\u010d ter v\u010dlanjevanje v nacionalne in mednarodne organizacije (FEANI), in\u017eenirske zbornice itd.<\/span><\/li>\n<\/ul>\n<p style=\"text-align: justify;\"><span style=\"color: #000000;\">Izvr\u0161ni odbor dru\u0161tva \u0161teje 13 \u010dlanov in ima \u0161tiriletni mandat, enako nadzorni odbor in \u010dastno razsodi\u0161\u010de. Dru\u0161tvo \u0161teje sedaj 460 \u010dlanov. Obvestila in sporo\u010dila prejemajo \u010dlani praviloma po elektronski po\u0161ti, le nekaj starej\u0161ih \u010dlanov, ki so brez elektronskih povezav, prejema \u0161e klasi\u010dno po\u0161to.<\/span><br \/>\n<span style=\"color: #000000;\">ED Maribor redno skrbi za izobra\u017eevanje svojih \u010dlanov in drugih elektrotehni\u0161kih strokovnjakov v \u0161ir\u0161em prostoru z organiziranjem seminarjev in posvetovanj s podro\u010dja elektrotehnike. Prvo posvetovanje je bilo organizirano v letu 1957 za potrebe elektroindustrije Slovenije v Mariboru. Leta 1962 je dru\u0161tvo pod pokroviteljstvom takratne vlade organiziralo posvetovanje na temo\u201duvajanje avtomatizacije v tekstilni industriji\u201d. ED nadaljuje tradicijo in vsako leto organizira naslednje seminarje in posvetovanja:<\/span><\/p>\n<ul style=\"text-align: justify;\">\n<li><span style=\"color: #000000;\">vsakoletno posvetovanje v Radencih o mo\u010dnostni elektrotehniki in sodobnih elektri\u010dnih&nbsp;instalacijah, imenovano Kotnikovi dnevi<\/span><\/li>\n<li><span style=\"color: #000000;\">seminar za poslu\u017eevalce elektroenergetskih naprav.<\/span><\/li>\n<\/ul>\n<p style=\"text-align: justify;\"><span style=\"color: #000000;\">Sestavni del delovanja dru\u0161tva so tudi strokovne ekskurzije in dru\u017eabna sre\u010danja. Letno organiziramo \u0161tiri ekskurzije in to dve po Sloveniji in dve v tujino ter dru\u017eabna sre\u010danja s plesom.<\/span><\/p>\n<p style=\"text-align: justify;\">&nbsp;<\/p>\n","protected":false},"excerpt":{"rendered":"<p>Predsednik: mag. Gerhard ANGLEITNER Podpredsednik: mag. Marjan ZORMAN Podpredsednik: Franjo LAVREN\u010cI\u010c Tajnik: Silva LAN\u010cI\u010c Knjigovodstvo: Cvetka ROGINA Posvetovanja: mag. Marjan ZORMAN Elektrotehni\u0161ko dru\u0161tvo Maribor je po stroki povezano z Elektrotehni\u0161ko zvezo Slovenije (EZS) s sede\u017eem v Ljubljani, prek Zveze in\u017eenirskih dru\u0161tev Maribor (ZID) pa z drugimi dru\u0161tvi tehni\u0161ke stroke v Mariboru. Naloge in dejavnosti Elektrotehni\u0161kega [&hellip;]<\/p>\n","protected":false},"author":1,"featured_media":0,"parent":0,"menu_order":1,"comment_status":"closed","ping_status":"closed","template":"","meta":{"_monsterinsights_skip_tracking":false,"_monsterinsights_sitenote_active":false,"_monsterinsights_sitenote_note":"","_monsterinsights_sitenote_category":0,"ngg_post_thumbnail":0,"footnotes":""},"_links":{"self":[{"href":"https:\/\/ed-mb.si\/index.php?rest_route=\/wp\/v2\/pages\/9"}],"collection":[{"href":"https:\/\/ed-mb.si\/index.php?rest_route=\/wp\/v2\/pages"}],"about":[{"href":"https:\/\/ed-mb.si\/index.php?rest_route=\/wp\/v2\/types\/page"}],"author":[{"embeddable":true,"href":"https:\/\/ed-mb.si\/index.php?rest_route=\/wp\/v2\/users\/1"}],"replies":[{"embeddable":true,"href":"https:\/\/ed-mb.si\/index.php?rest_route=%2Fwp%2Fv2%2Fcomments&post=9"}],"version-history":[{"count":17,"href":"https:\/\/ed-mb.si\/index.php?rest_route=\/wp\/v2\/pages\/9\/revisions"}],"predecessor-version":[{"id":5679,"href":"https:\/\/ed-mb.si\/index.php?rest_route=\/wp\/v2\/pages\/9\/revisions\/5679"}],"wp:attachment":[{"href":"https:\/\/ed-mb.si\/index.php?rest_route=%2Fwp%2Fv2%2Fmedia&parent=9"}],"curies":[{"name":"wp","href":"https:\/\/api.w.org\/{rel}","templated":true}]}}